 - 0)/2 + x. Let z = 41 + q. What is the remainder when z is divided by 11?
10
Let g(x) = 13*x**2 + 2*x - 2. Let f be g(2). Let i = f + -38. Calculate the remainder when 47 is divided by i.
15
Suppose 16 = 2*z - 22. Let f = z + -10. Calculate the remainder when f is divided by 5.
4
Let f = 7 - 7. Suppose h = -f*h + 19. What is the remainder when 36 is divided by h?
17
Suppose 12*s - 11*s - 12 = 0. Suppose -s = -7*p + 9. What is the remainder when 3 is divided by p?
0
Let c(v) = -v**3 - 3*v**2 + 4*v - 4. Suppose 7*d + 271 - 796 = 0. What is the remainder when d is divided by c(-5)?
23
Suppose 56 - 19 = g. Calculate the remainder when 70 is divided by g.
33
Suppose 6*q - 5*q = 1. Let u = 1 + q. What is the remainder when 3 is divided by u?
1
Let g(v) = -5*v - 2. Let u be g(-2). Suppose 76 = u*k - 4*k. Calculate the remainder when 37 is divided by k.
18
Let c(f) = 11 - 2*f + 8 - 16. What is the remainder when 7 is divided by c(0)?
1
Calculate the remainder when 8/36 - 3268/(-36) is divided by 23.
22
Suppose -61 = -2*v - 5*m, -2*v + 130 = 3*v + 5*m. Calculate the remainder when v is divided by 9/(0 + 6/4).
5
Suppose v + 400 = 5*k, -4*k - v + 320 = 3*v. Suppose -u = u - k. Suppose -4*i - i + u = 0. Calculate the remainder when 23 is divided by i.
7
Let l = 2 + -3. Suppose -3*k + 3 = 4*z - 7, -4*z + 5*k = 6. What is the remainder when z is divided by 0 - l*(3 + -2)?
0
Suppose 2*p - 26 = p. Calculate the remainder when 101 is divided by p.
23
What is the remainder when (16/(-5))/((20/125)/(-2)) is divided by 11?
7
Let c(v) = 2*v**2 + v - 14. What is the remainder when c(5) is divided by 12?
5
Let t be 3/(-2)*(1 + 3). Let l be (2 - 11)*2/t. Suppose -l*y + 13 + 5 = 0. What is the remainder when 16 is divided by y?
4
Suppose -1 - 79 = 5*c. Let o = -11 - c. What is the remainder when -3 - (6/(-2) + -19) is divided by o?
4
Suppose -4*p + 22 = n, 2*p = -0*n + 2*n - 4. Let m = -499 + 526. What is the remainder when m is divided by n?
3
Calculate the remainder when 72*(-1 - -2)*(-8)/(-12) is divided by (-1 - (0 - 0))*-17.
14
Suppose -z + 3 = -0*z. Suppose -z*g + 78 = -0*g. Calculate the remainder when g is divided by 9.
8
Suppose 2*l - 3 = -l. Let j(h) = 11*h. What is the remainder when j(l) is divided by 4?
3
Suppose 420 = 3*c + 7*c. Calculate the remainder when c is divided by 9.
6
Let n(s) = -s**3 - 8*s**2 - 8*s + 10. Calculate the remainder when 33 is divided by n(-7).
16
Let u be 18*(12/8 - 1). Let h = u - -9. Calculate the remainder when 69 is divided by h.
15
Let i(w) = -9*w**3 + w. Let o be 1/((-2 - 1) + 2). What is the remainder when 23 is divided by i(o)?
7
Suppose 0 = 2*s + s - 201. Calculate the remainder when s is divided by 34.
33
Suppose -2*h - 28 = -2*x, -2*x = -0*x - 3*h - 31. What is the remainder when x is divided by 6?
5
Suppose d = 3*d - v - 5, 0 = -5*d + v + 14. What is the remainder when (-5 - -1) + (-2 - -11) is divided by d?
2
Let p = -69 - -101. What is the remainder when p is divided by (102/(-9))/(6/(-9))?
15
Suppose -2*n = -5*n + 6. Let j(l) = l**3 - 4*l**2 - 6*l + 7. Calculate the remainder when j(5) is divided by n.
0
Suppose -15*g = -83 - 937. What is the remainder when 202 is divided by g?
66
Let p = 0 + -2. Calculate the remainder when 6/p - (-4 + -33) is divided by 18.
16
Let r = -22 + 33. Let c(h) be the second derivative of h**3/2 + 5*h**2 + h. What is the remainder when c(7) is divided by r?
9
Let a(v) = v**3 + 12*v**2 - 2*v. Let p be a(-12). Suppose 0 = i + 3*i - p. Calculate the remainder when i is divided by 4.
2
Suppose -a + 2*a - 23 = 0. Let u = 18 + a. What is the remainder when u is divided by 14?
13
Let o(p) = -p**3 - p**2 - p. Let m = -2 + 1. Let i be o(m). Let u = i - -16. What is the remainder when 49 is divided by u?
15
Let y(f) = -f**3 - 5*f**2 - 10. Let q = 44 + -30. What is the remainder when y(-6) is divided by q?
12
Suppose 10 = -2*w + 148. What is the remainder when w is divided by 18?
15
Let n be ((-2)/(-6))/((-4)/(-12)). Suppose 5*x - 3*x - 3*o = 15, o + n = 0. Calculate the remainder when 21 is divided by x.
3
Calculate the remainder when 33 + 6 + -3 + -4 is divided by 11.
10
Suppose -5*o + 4*o = -26. Let a = o + -15. Calculate the remainder when 8/(-18)*3*-24 is divided by a.
10
Let x = 1 + 3. Suppose -3*d - 4*z + x = d, 0 = z - 3. What is the remainder when 15 is divided by ((-1)/d)/(3/48)?
7
Suppose 0 = -2*j + 5*j + 3, 0 = 5*y - 2*j - 77. Calculate the remainder when 88 is divided by y.
13
Let w(c) = c**3 + 4*c**2 - 3. Let l be w(-4). Let y = l + 8. Let i = -2 + y. Calculate the remainder when 8 is divided by i.
2
Let r(v) = -v. Let s be r(-2). Suppose -2*n - 5 = -3*b, -1 = s*n - 5*b + 10. Calculate the remainder when 2 is divided by n.
0
Let y = 35 + -18. Calculate the remainder when y is divided by 5.
2
Let c = -128 - -193. Suppose -37 = -3*m + 215. Suppose -m - 4 = -4*h. Calculate the remainder when c is divided by h.
21
Let y = 9 - -4. Let d = -54 + 78. Calculate the remainder when d is divided by y.
11
Suppose 0 = -12*a + 112 - 40. Calculate the remainder when 13 is divided by a.
1
Let h(z) = -z + 11. Let j(y) = -1. Let p(i) = h(i) - 5*j(i). What is the remainder when p(11) is divided by 4?
1
Let v = 21 - 20. Suppose -v + 27 = 2*g. What is the remainder when g is divided by 7?
6
Suppose 0 - 20 = -2*a. Suppose -t = -5 - a. Calculate the remainder when 28 is divided by t.
13
Let w be 1/(-7) - 234/(-21). What is the remainder when (-5 + -3)*w/(-2) is divided by 23?
21
Suppose 3*b - 3 - 24 = 0. Suppose 3*u - 15 = 90. What is the remainder when u is divided by b?
8
Let f(r) = -r**2 + 3. Let p be f(-3). Let h be (8/6)/((-2)/p). What is the remainder when 13 is divided by (-39)/(-9) + h/6?
3
Suppose -23*u + 38 = -21*u. Calculate the remainder when 111 is divided by u.
16
Suppose -3*k + 28 = -23. Let x be 573/(-9) - (-2)/(-6). Calculate the remainder when (-1)/(66/x - -1) is divided by k.
15
Suppose 93 = 3*p - 3*s, -2*p + s - 6*s = -76. Calculate the remainder when 62 is divided by p.
29
Suppose 4*t - 7 - 1 = 0. Suppose -5*y + 108 = 3*d + 32, -43 = -t*y + 3*d. Let o = y - 8. Calculate the remainder when 26 is divided by o.
8
Let u(k) = k + 3. Let a be (-3)/6*2 + 8. Calculate the remainder when 38 is divided by u(a).
8
Let f(c) be the second derivative of -c**5/20 + c**4/3 - c**2/2 + 2*c. What is the remainder when 12 is divided by f(2)?
5
Let j be ((-27)/(-6))/3*-2. What is the remainder when 9 is divided by (j + 6)*(-2 + 4)?
3
Let z be 4 + 0/(0 + -3). Suppose 2*v = -z*p + 66, -p = -2*v - 2*v - 3. Calculate the remainder when p is divided by 8.
7
Let x(c) = -2*c**3 - c**2 + 1. Let j be x(-1). Let f = 0 + 5. Suppose -j*u = -33 + f. Calculate the remainder when u is divided by 8.
6
Suppose 2*g = -2*g - 4. Let j be (2/3)/(g/(-6)). Let w = 12 - j. What is the remainder when 14 is divided by w?
6
Let d = -13 + 18. Suppose 5*c + 4*b - 9 + 46 = 0, 0 = 3*c + d*b + 17. Let f = c - -11. Calculate the remainder when 2 is divided by f.
0
Suppose 20 = n + 4*n. Let r = -1 + n. What is the remainder when 10 is divided by r?
1
Let x = -19 + 22. Calculate the remainder when x is divided by 2.
1
Let w be (8/5)/((-4)/30). Calculate the remainder when 22 is divided by 148/18 + w/54.
6
Suppose s - 2*b - 28 = -s, -5*s + 4*b + 69 = 0. Let c be (86/(-6))/((-2)/6). Suppose 4*h + c = 139. Calculate the remainder when h is divided by s.
11
Let w = -6 - -7. Let k(f) = 28*f**2 + f - 1. What is the remainder when k(w) is divided by 8?
4
Let n = -24 - -35. Calculate the remainder when 18 is divided by n.
7
Suppose x - 5*h - 104 = -2*x, 2*h - 156 = -4*x. Suppose -25 - x = -3*k. What is the remainder when k is divided by 11?
10
Let c(r) = 3*r**2 + 2*r + 1. Let d(g) = g + 21. What is the remainder when c(-3) is divided by d(-9)?
10
Suppose 14 = 2*u - 3*k, 5*k + 0*k + 10 = 0. Suppose -b = 5 - u. Let y = 20 - b. Calculate the remainder when y is divided by 11.
10
What is the remainder when 2/3 - 160/(-12) is divided by 6?
2
Suppose 3*m + 2*m - 25 = 0. What is the remainder when 18 is divided by m?
3
What is the remainder when 22 is divided by (-2 - (-40)/25) + 64/10?
4
Let x(p) = -p**3 - 6*p**2 - 7*p - 3. Let z = -2 - 3. Let v = 88 + -63. What is the remainder when v is divided by x(z)?
4
Let z be (-1 - -4) + -1 + 2. Suppose -z = 